s digit of 442118791?
7
What is the units digit of 2576929581?
1
What is the thousands digit of 1047237372?
7
What is the ten millions digit of 141433012?
4
What is the ten millions digit of 18052443?
1
What is the units digit of 5027931043?
3
What is the thousands digit of 19052356?
2
What is the thousands digit of 57605701?
5
What is the billions digit of 1722672850?
1
What is the ten thousands digit of 2826513362?
1
What is the tens digit of 2672706548?
4
What is the hundred thousands digit of 175073665?
0
What is the ten thousands digit of 267230082?
3
What is the hundreds digit of 889711?
7
What is the ten millions digit of 175947806?
7
What is the thousands digit of 149047877?
7
What is the millions digit of 161163827?
1
What is the tens digit of 126975637?
3
What is the hundred thousands digit of 4201305967?
3
What is the thousands digit of 15593566?
3
What is the ten thousands digit of 7167852?
6
What is the hundreds digit of 24640270?
2
What is the millions digit of 167457857?
7
What is the hundreds digit of 2479003?
0
What is the hundred thousands digit of 29012955?
0
What is the hundred millions digit of 1310604669?
3
What is the ten millions digit of 1879042603?
7
What is the units digit of 33648261?
1
What is the ten thousands digit of 199567653?
6
What is the hundreds digit of 998076908?
9
What is the ten millions digit of 82050190?
8
What is the ten thousands digit of 40074009?
7
What is the thousands digit of 76438662?
8
What is the hundred thousands digit of 156980816?
9
What is the ten millions digit of 1057270471?
5
What is the hundred thousands digit of 2390029204?
0
What is the hundreds digit of 3191799683?
6
What is the thousands digit of 122536671?
6
What is the tens digit of 59578967?
6
What is the ten millions digit of 39840622?
3
What is the ten thousands digit of 66953183?
5
What is the units digit of 374190030?
0
What is the ten thousands digit of 244680897?
8
What is the ten millions digit of 239744419?
3
What is the hundreds digit of 69777356?
3
What is the hundred thousands digit of 42962687?
9
What is the units digit of 5072286926?
6
What is the units digit of 1057190890?
0
What is the millions digit of 40726400?
0
What is the hundred thousands digit of 1824470083?
4
What is the hundred thousands digit of 495590271?
5
What is the hundreds digit of 167541143?
1
What is the hundreds digit of 113469906?
9
What is the hundreds digit of 631427908?
9
What is the thousands digit of 171975163?
5
What is the billions digit of 1335185229?
1
What is the tens digit of 102604557?
5
What is the hundred millions digit of 7814604338?
8
What is the hundreds digit of 501244107?
1
What is the hundred thousands digit of 308260157?
2
What is the units digit of 1819627100?
0
What is the ten millions digit of 1402167536?
0
What is the ten thousands digit of 32670419?
7
What is the units digit of 73665440?
0
What is the thousands digit of 173241350?
1
What is the ten thousands digit of 15347436?
4
What is the hundred thousands digit of 2343409479?
4
What is the hundred thousands digit of 739574722?
5
What is the millions digit of 2375042155?
5
What is the hundred thousands digit of 5516597963?
5
What is the ten millions digit of 51203879?
5
What is the millions digit of 253888477?
3
What is the hundred thousands digit of 1276337962?
3
What is the ten millions digit of 1228345122?
2
What is the units digit of 282233064?
4
What is the millions digit of 263103524?
3
What is the millions digit of 187234717?
7
What is the millions digit of 30941839?
0
What is the thousands digit of 453254019?
4
What is the hundred thousands digit of 9342678?
3
What is the hundred thousands digit of 2665046335?
0
What is the hundred thousands digit of 5798022770?
0
What is the tens digit of 322821346?
4
What is the hundreds digit of 35658131?
1
What is the ten millions digit of 414136705?
1
What is the millions digit of 57548189?
7
What is the hundred thousands digit of 4780641253?
6
What is the hundreds digit of 145693737?
7
What is the hundred thousands digit of 1412346730?
3
What is the ten millions digit of 3248789903?
4
What is the ten millions digit of 449150412?
4
What is the ten millions digit of 27463147?
2
What is the hundred thousands digit of 10856701?
8
What is the units digit of 93015656?
6
What is the hundred thousands digit of 3804541768?
5
What is the hundred millions digit of 7733910081?
7
What is the hundreds digit of 8924719?
7
What is the millions digit of 161690610?
1
What is the hundred thousands digit of 17681774?
6
What is the tens digit of 422693923?
2
What is the ten millions digit of 285593313?
8
What is the ten millions digit of 6549702914?
4
What is the millions digit of 2783553003?
3
What is the thousands digit of 342830992?
0
What is the millions digit of 148436766?
8
What is the tens digit of 209894404?
0
What is the hundreds digit of 416681358?
3
What is the hundred thousands digit of 388738293?
7
What is the millions digit of 82531938?
2
What is the hundreds digit of 56214774?
7
What is the units digit of 385288699?
9
What is the millions digit of 72093713?
2
What is the tens digit of 211223774?
7
What is the thousands digit of 685648502?
8
What is the ten thousands digit of 31076041?
7
What is the ten millions digit of 871308987?
7
What is the units digit of 1605380870?
0
What is the ten millions digit of 588707275?
8
What is the tens digit of 6881940650?
5
What is the millions digit of 435740475?
5
What is the units digit of 128227436?
6
What is the units digit of 1487083616?
6
What is the thousands digit of 92433111?
3
What is the units digit of 5857505067?
7
What is the hundreds digit of 16956241?
2
What is the billions digit of 3136538826?
3
What is the tens digit of 52881525?
2
What is the hundred thousands digit of 21585899?
5
What is the ten millions digit of 2380462377?
8
What is the units digit of 387770302?
2
What is the millions digit of 1673733779?
3
What is the hundreds digit of 3434580221?
2
What is the millions digit of 421938066?
1
What is the millions digit of 50623865?
0
What is the hundred millions digit of 277076179?
2
What is the hundred thousands digit of 419937162?
9
What is the hundreds digit of 105114624?
6
What is the units digit of 235893594?
4
What is the ten thousands digit of 841093038?
9
What is the millions digit of 99833282?
9
What is the hundred thousands digit of 67085077?
0
What is the ten millions digit of 110328500?
1
What is the hundreds digit of 184524457?
4
What is the units digit of 1759974972?
2
What is the hundred millions digit of 486604754?
4
What is the millions digit of 51352358?
1
What is the hundreds digit of 298691817?
8
What is the hundred millions digit of 273694285?
2
What is the tens digit of 580192460?
6
What is the hundred thousands digit of 12879247?
8
What is the hundred millions digit of 117554771?
1
What is the millions digit of 30846069?
0
What is the hundred thousands digit of 245112957?
1
What is the units digit of 20260300?
0
What is the units digit of 45164369?
9
What is the millions digit of 706413697?
6
What is the millions digit of 289651314?
9
What is the units digit of 4708123947?
7
What is the hundreds digit of 92292569?
5
What is the ten thousands digit of 2827808502?
0
What is the thousands digit of 25193119?
3
What is the tens digit of 4397993?
9
What is the thousands digit of 713091894?
1
What is the ten thousands digit of 1059846515?
4
What is the hundred thousands digit of 1029255601?
2
What is the ten millions digit of 412121757?
1
What is the thousands digit of 1492886675?
6
What is the hundreds digit of 2778465208?
2
What is the units digit of 3551542979?
9
What is the hundreds digit of 795097251?
2
What is the ten millions digit of 675951880?
7
What is the hundreds digit of 5166368461?
4
What is the tens digit of 4633844556?
5
What is the hundred thousands digit of 1378962?
3
What is the units digit of 21624939?
9
What is the millions digit of 172827372?
2
What is the thousands digit of 1306605?
6
What is the billions digit of 1534193295?
1
What is the thousands digit of 126089755?
9
What is the thousands digit of 985754359?
4
What is the units digit of 443257457?
7
What is the hundred thousands digit of 212873338?
8
What is the ten thou